-11)/(55/(-6650)))/2. Suppose 7*a = -0*a + m. Calculate the remainder when a is divided by 20.
15
Suppose -c - 12 - 16 = 2*b, 3*b - c + 52 = 0. Calculate the remainder when 279 is divided by (-316)/b - 2/(-8).
19
Let n(c) = 4*c - 40. Let u be n(17). Let z = 9 + -6. Suppose -4*m + 54 = -2*o, 4*o + u + 0 = z*m. Calculate the remainder when 77 is divided by m.
13
Let x = 25118 + -25091. What is the remainder when 6116 is divided by x?
14
Suppose -r = -2*u + 1847, 20*u - 25*u + 2*r = -4618. Calculate the remainder when u is divided by 273.
105
Let u(v) = -v**2 - 41*v + 39. Let s(y) = -y**2 - 27*y - 28. Calculate the remainder when u(-35) is divided by s(-23).
57
Let g(j) = 5*j**3 + j**2 - 2*j + 1. Let z(t) = -19*t - 18*t + 39*t + 12. Calculate the remainder when z(0) is divided by g(1).
2
Let i = 2315 + -1150. Suppose -6*a + 11*a - i = p, -2*p = 0. What is the remainder when a is divided by 39?
38
Suppose 0 = 44*d - 41*d - 9. Suppose 3*q + 29 = 2. Calculate the remainder when 1/(2 - q/(-5)) is divided by d.
2
Suppose -4*i + 78 + 58 = 0. Suppose 194*g - 2*r = 173*g + 1621, -2*r = -2*g + 158. What is the remainder when g is divided by i?
9
Suppose -266 = 128*q - 147*q. Suppose -7*z - 123 = -8*z. What is the remainder when z is divided by q?
11
Let y = 1309 + -1238. Calculate the remainder when 922 is divided by y.
70
Let l(y) = -3*y + 51. Let n(g) = g**2 + 5*g + 5. Let d be n(-4). What is the remainder when d + (-2)/(8/12) - -59 is divided by l(6)?
24
Suppose 88281 + 363794 = -7*q + 114*q. Calculate the remainder when q is divided by 151.
148
Suppose -5*w + 435 + 715 = 0. Let v(y) = -y**3 + 36*y**2 + 34*y + 132. What is the remainder when w is divided by v(37)?
20
Let k = -83 - -97. Suppose k*b + 272 = 18*b. Calculate the remainder when b is divided by 33.
2
Calculate the remainder when 7121 is divided by (10*57/6)/(-16 - -17).
91
Suppose -c = g - 2, 0 = -2*g - 8*c + 7*c. What is the remainder when 21 is divided by ((-100)/16 + 6/8)*g?
10
Suppose 4*c = -c + 2*w + 381, c + 4*w = 63. Suppose c - 24 = 3*x. Suppose -x*b = -16*b - 89. Calculate the remainder when b is divided by 46.
43
Suppose -5*q + p + 28 = 0, -3*q = -6*q + 4*p + 27. Suppose -q*c - 2 = -n - 2*c, 5*n - 40 = 5*c. Calculate the remainder when 96 is divided by n.
8
Let j(n) = n**2 + 55*n + 676. Suppose 495 = 4*h + h. Calculate the remainder when h is divided by j(-37).
9
Let w = 141 - 99. What is the remainder when (1506/21)/(2 - 24/14) is divided by w?
41
Let o be ((-67)/3)/(((-13)/3)/(-13)). Suppose 360 = 4*v - 0*v. Let t = o + v. Calculate the remainder when 37 is divided by t.
14
Let f = 20474 + -20451. What is the remainder when 280 is divided by f?
4
Suppose 49*u + 8 = 45*u. Let m be (-1 - 2)/((-9)/12). What is the remainder when (-102)/m*u + 0 + 3 is divided by 14?
12
Calculate the remainder when (-2)/(-10) - (-1168458)/2235 is divided by 120.
43
Let q(t) = -5 + t + 7 + 5. Let x = 24022 - 24012. What is the remainder when x is divided by q(-6)?
0
Let p = 5 - -1. Suppose -4*q + p*q = 108. Suppose -q*o = -59*o + 155. What is the remainder when 91 is divided by o?
29
Suppose -16*y - 11*y - 168 = -627. Calculate the remainder when 28694 is divided by y.
15
Suppose -3*h + 774 = 1042*o - 1038*o, -4*h = -8. Calculate the remainder when 16511 is divided by o.
191
Let v(s) = -5*s**3 - 8*s**2 - 89*s - 321. What is the remainder when v(-5) is divided by 366/8 - 3/(-12)?
43
Let x(u) = -318*u**2 - 5092*u - 31. Suppose -5*a + 831 = -4*m, 5*a - 2*m - 515 = 308. What is the remainder when a is divided by x(-16)?
31
Let v(b) = -b**3 + 28*b**2 - 27*b + 5. Let u be v(27). What is the remainder when 191 is divided by (-452)/(-16) + (u/4)/(-5)?
23
Let w(d) = 1359*d + 8380. Calculate the remainder when 236 is divided by w(-6).
10
Let b(i) = -15*i**2 + 267*i + 75. What is the remainder when 1826 is divided by b(18)?
20
Let u be 1/(-5) - (-42)/10. Suppose u*t = -3 + 83. Let c = -111922 - -111956. What is the remainder when c is divided by t?
14
Let g(w) = 31*w + 4. Let c be g(4). Suppose -3*b = b - c. Let k = 73 - 51. What is the remainder when b is divided by k?
10
Let d(w) = 10*w - 7*w**2 - 30 + 6*w**2 + 9*w + 2. Calculate the remainder when 63 is divided by d(15).
31
Suppose 15*t - 4485 = 28860. Calculate the remainder when t is divided by 14.
11
Suppose 0 = 4*c - 26 + 2. Let u(x) = 5*x**2 + 22*x + 5. Suppose 3*k + 25 = -2*p, -6*p - 10 = -3*p - k. What is the remainder when u(p) is divided by c?
2
Let w = 441 + -258. Let b = w - 163. What is the remainder when 77 is divided by b?
17
Suppose 9*d + 2779 + 56 = 0. Let m = d + 519. Suppose 5*v - i = m, 10 = -5*v + 4*i + 226. Calculate the remainder when v is divided by 11.
7
Let g = 1938 + -1267. Let p = g - 613. What is the remainder when p is divided by 12?
10
Let m(j) be the third derivative of -26*j**2 + 1/12*j**4 + 0 + 0*j - 4*j**3. Calculate the remainder when 30 is divided by m(16).
6
Let i(s) = 2*s**2 - 3*s**2 + 2*s**2 - s - 4. Calculate the remainder when 0 - -1 - -57 - 4 is divided by i(4).
6
Suppose -2*d - 6 = 0, 3*k + d + 57 - 186 = 0. Let g be (-220)/24 - (-6)/36. Let o(m) = -8*m - 60. What is the remainder when k is divided by o(g)?
8
Let u = -8 + -9. Let m be (-2)/(-8)*-2 + (-139)/(-2). Let d = m + u. Calculate the remainder when d is divided by 14.
10
Suppose -5*v + 17*h - 20*h = -688, 5*v - 2*h = 708. Calculate the remainder when 287 is divided by v.
7
Calculate the remainder when 2841 is divided by 1/(-1)*(6 + (-18)/((-180)/(-830))).
69
Suppose 23*x + 63*x = 3612. Calculate the remainder when x is divided by 34.
8
Let w(l) = -l**2 - 2*l - 81. Let q be w(-15). What is the remainder when 1024 is divided by (-20)/25 - q/20?
10
Let p(d) be the third derivative of 13*d**5/60 - 5*d**4/24 - d**3/2 + 2*d**2. Let z = 65 - 36. Calculate the remainder when z is divided by p(-1).
14
Let s = -1820 + 3585. Calculate the remainder when s is divided by 19.
17
Suppose -2*c - d + 200 = 0, -c = 5*d - 51 - 49. Suppose -h + 5*m = -19, 4*h - 322 + 292 = -3*m. What is the remainder when c is divided by h?
1
Suppose 0 = 45*g - 17*g + 5152. Let m = g - -225. What is the remainder when 118 is divided by m?
36
Let r = 588 + -490. Let l(h) = 7*h - 3. Let k be l(-11). Let m = k + r. What is the remainder when 53 is divided by m?
17
Suppose 0 = v - 19*v + 4*v + 2520. What is the remainder when v is divided by 106?
74
What is the remainder when 875 is divided by 9 - (-120 - (15 - 18))?
119
Let s be (-2*1)/((-4)/168). Let r = -6 - -11. Calculate the remainder when ((-9)/(-6))/((306/s)/17) is divided by r.
2
Let j(s) = s**3 + 25*s**2 + 86*s - 59. What is the remainder when j(-16) is divided by 2?
1
Let t(u) = 12*u + 33. Let i be t(5). Let o = 13 + i. Calculate the remainder when o is divided by 36.
34
Let j(v) = v**3 - 42*v**2 + 58*v + 255. Calculate the remainder when j(43) is divided by 20.
18
Suppose -226*n = 215*n - 19845. What is the remainder when n is divided by (-84)/2*(-4)/8?
3
Let c be (-107 + 1)*2/((-4)/3). Suppose -2*n = n - c. Let k = 2 + 26. Calculate the remainder when n is divided by k.
25
Suppose -24*j - 18*j + 210 = 0. Suppose -j*g - 68 = -3*r, -8 = 2*r - 3*g - 53. What is the remainder when 45 is divided by r?
3
Let h(c) = 40*c - 47. Let d be h(5). Suppose -5*p + d = 4*p. What is the remainder when 99 is divided by p?
14
Let j(s) = -2*s**2 + 66*s - 3. What is the remainder when j(19) is divided by 138?
115
Suppose -2*v + 17 = -q, -3*q - 3 + 6 = 0. Suppose 0*i = 3*i - 3. Suppose -4*c - i = -61. Calculate the remainder when c is divided by v.
6
Suppose -6 = -3*q - 15, 0 = -4*g + q + 1911. Suppose 0 = -0*d - 3*d - 3*t + g, -5*d + 788 = -2*t. What is the remainder when d is divided by 16?
14
Let x(h) = 502*h - 338. What is the remainder when x(1) is divided by 48?
20
Suppose 42*d - 12934 = 2425 + 3163. What is the remainder when d is divided by 143?
12
Suppose 304*b - 5*h + 30 = 309*b, 5*b = 2*h + 23. Calculate the remainder when 406 is divided by b.
1
Let w = 1359 + 822. What is the remainder when w is divided by 37?
35
Suppose -9*u = -5*u - 20. Suppose u*i = 8*i - 42. Let p = -16 + 67. Calculate the remainder when p is divided by i.
9
Let n(z) = -77*z + 1886. What is the remainder when 6191 is divided by n(24)?
35
Let b be (-11)/(-22)*2*-9. What is t